Suppose 2*m - d = 15. What is the remainder when 35 is divided by m?
11
Let d(b) = 2*b**2 - b - 8*b + 6*b + 0*b**2. What is the remainder when d(4) is divided by 11?
9
Let t(g) = -g**3 - 5*g**2 + 3*g + 17. Suppose 0*c + 4*c - 8 = 0. Calculate the remainder when t(-5) is divided by c.
0
What is the remainder when -6 - -6 - (-16 + (0 - 1)) is divided by 5?
2
Suppose -26*g + 33 = -23*g. What is the remainder when 96 is divided by g?
8
Suppose 2*f - 8*f + 222 = 0. What is the remainder when f is divided by (1 - (1 + 20))/(-2)?
7
Suppose 4*b - 12 = -3*t, -b - 3*t = -6*t - 3. Suppose -3*p + 11*w = 6*w - 30, 2*w = -b*p + 30. What is the remainder when 28 is divided by p?
8
Let s(f) = f**2 - 3*f. Let g be s(4). Calculate the remainder when (-6)/(-24) + 71/g is divided by 5.
3
Let u(y) = y + 8. Let p be u(-6). Suppose 5*d - p*d = 159. What is the remainder when d is divided by 18?
17
Let f = -22 + 51. Calculate the remainder when f is divided by 15.
14
Suppose 1 + 15 = 2*j. Calculate the remainder when 1*-3 - (-33 - (-2 - -3)) is divided by j.
7
Let m = -14 - -21. What is the remainder when 27 is divided by m?
6
Suppose 2*y = 4*y - 178. Let m = y + -52. What is the remainder when m is divided by 10?
7
Let z(u) = 6*u**2 + 4*u - 2. Calculate the remainder when z(2) is divided by 11.
8
Let u(i) = -3*i + 20. What is the remainder when u(-2) is divided by 6?
2
Let g be (-1)/1 - -2*28. Suppose 0*d + g = 5*d. Calculate the remainder when 31 is divided by d.
9
Suppose 12*z + 36 = 13*z. What is the remainder when 141 is divided by z?
33
Suppose 3*l = l - 4*u + 140, 323 = 5*l + u. What is the remainder when l is divided by 14?
8
Suppose -3*o + 75 = d + 2*d, -5 = 5*o. Calculate the remainder when d is divided by 15.
11
Suppose -9 + 3 = 3*v. Let a(f) = 13*f**2 - f + 1. Calculate the remainder when a(1) is divided by ((-16)/6)/(v/3).
1
Let l(j) = 6*j - 13. Let g be l(6). Suppose 3*q - 64 = -4*y - 13, 2*y - g = q. Calculate the remainder when 47 is divided by y.
11
Let l = 89 + -42. What is the remainder when l is divided by 12?
11
Suppose q + 0*d = -3*d + 10, 4*q - 4*d = 72. Let k = q - 3. Let z(a) = 24*a**2 + a. Calculate the remainder when z(-1) is divided by k.
10
Let i(r) = r**2 - 13*r + 12. Let x be i(11). Let w(u) = -u**3 - 9*u**2 + 8*u - 3. What is the remainder when w(x) is divided by 6?
5
Let j = -1 + 3. Calculate the remainder when 7 is divided by j.
1
Let q = 58 + -118. What is the remainder when 13 is divided by 10/(-35) + q/(-14)?
1
Suppose u + 5*d = 67, 455 = 3*u + 2*u - 5*d. Let h = 127 - u. Suppose 0 = -2*y + 13 + 15. What is the remainder when h is divided by y?
12
Let q(o) = -o + 10. Let n be q(12). Calculate the remainder when (n - -20)*(-2)/(-4) is divided by 5.
4
Let z be (-40)/(-3)*12/8. Suppose -8 = c - z. Calculate the remainder when -66*(-1)/(2 + 1) is divided by c.
10
Let x(d) be the second derivative of d**5/20 - 5*d**4/12 - d**3/2 - 4*d**2 + 11*d. What is the remainder when 49 is divided by x(6)?
9
Let s = 95 - 66. Calculate the remainder when s is divided by 13.
3
Suppose -2*t + 3*o + 62 = 0, -5*o = -4*t - t + 155. What is the remainder when t is divided by 21?
10
What is the remainder when (-2)/(-5) + (-780)/(-50) is divided by 6?
4
Suppose -4*m = -45 + 153. Let n = 42 + m. What is the remainder when 42 is divided by n?
12
Suppose 4*l = -2*c + 72, c = -5*l + 2*c + 90. Calculate the remainder when l is divided by 5.
3
Let i be 9/(-6) - (-18)/4. Calculate the remainder when 11 is divided by 5/((4 - i) + 0).
1
Let f = 37 + -24. Let x = -62 + 98. What is the remainder when x is divided by f?
10
Suppose -739 = -4*f - 3*b, 3*f - 3*b - 196 = 2*f. Calculate the remainder when f is divided by 27.
25
Suppose -13*o = -11*o - 90. What is the remainder when o is divided by 12?
9
Suppose -6*y + 436 = -2*y. Calculate the remainder when y is divided by 37.
35
Let n be (-30)/12*(-4)/5. Suppose -4*t - 14 = -2*i + 8, 4*i - 14 = n*t. What is the remainder when 2*(i + 6/1) is divided by 5?
4
Suppose d + i = 34 + 61, -5*d - 3*i = -483. Suppose -2*g - 2*g + 100 = 0. Calculate the remainder when d is divided by g.
24
Let c(n) = -n**3 + 9*n**2 + 2. Let g be 0 - (1 - 10/1). What is the remainder when 5 is divided by c(g)?
1
Let d = -25 + 35. Let v = 50 + -33. Let f = v - d. Calculate the remainder when 25 is divided by f.
4
Let y = -10 - -20. Suppose 3*l + v = 11 + 137, 5*l = -5*v + 250. Calculate the remainder when l is divided by y.
9
Suppose -r + 0*r = 2*d - 55, -2*d + r + 45 = 0. Let g be (-8)/3*(-3)/2. Suppose 42 + 14 = g*x. Calculate the remainder when d is divided by x.
11
Let y(r) = r - 2. Let n be y(2). Suppose z + 0 = -2*w + 5, n = z - 5*w - 12. What is the remainder when 13 is divided by z?
6
Suppose 12 = -4*a, -59 = -5*f - 4*a + 49. Suppose w = -3*b + 352, -18*w + 22*w + 230 = 2*b. What is the remainder when b is divided by f?
21
Suppose -q + 2*m + 11 + 14 = 0, q + 5*m = 46. Calculate the remainder when q is divided by 20.
11
Let u = -72 + 41. Let c = u + 96. What is the remainder when c is divided by 22?
21
Let s(l) = -2*l**3 + l**2 + 30*l - 10. What is the remainder when s(-5) is divided by 20?
15
Let b be ((-6)/4)/(3/(-56)). Suppose 5*p + 72 = -b. Let z = 28 + p. Calculate the remainder when 14 is divided by z.
6
Let o(w) = w**2 - w - 9. Let u be o(0). Calculate the remainder when (-312)/u - 1/(-3) is divided by (-2)/4 + (-75)/(-6).
11
Let m(d) = d**2 + 2. Suppose 10 = -3*y - b, -4*y - 3*b - 25 = -4*b. What is the remainder when m(y) is divided by 15?
12
Let p(b) = 5*b - b + 3*b - 3*b + b**2 - 4. Calculate the remainder when p(-6) is divided by 3.
2
Suppose -10*w - 36 = -136. What is the remainder when 58 is divided by w?
8
Suppose 8*p + p = 486. What is the remainder when p is divided by 29?
25
Let l be 2 + 3/((-3)/16). Let m = l - -21. Suppose 3*j + 70 = 4*w - 26, 4*j - 16 = 0. What is the remainder when w is divided by m?
6
What is the remainder when 0*(-3 + (-16)/(-4)) + 42 is divided by 11?
9
Suppose 3 + 79 = 2*m. What is the remainder when m is divided by 21?
20
Suppose 3*x - 5*x = 4*u - 64, -36 = -2*u + x. What is the remainder when u is divided by (-1)/(-2) - 34/(-4)?
8
Let l(x) = x + 11. Let h = 4 - -5. Let t = 15 - h. What is the remainder when l(0) is divided by t?
5
Suppose 2*d = 6*d + 2*a - 196, -3*d = 3*a - 153. What is the remainder when d is divided by (-82)/(-7) - (-6)/21?
11
Suppose d = 3*m + 18, -4*m + 66 = 5*d - 3*d. What is the remainder when 53 is divided by d?
26
Let s = 30 + -18. Calculate the remainder when s is divided by 9.
3
Let r(j) = 38*j - 1. Suppose 6*a - 153 + 39 = 0. What is the remainder when r(1) is divided by a?
18
Let q(k) = -k**3 - 6*k**2 + 8*k + 1. Let y be q(-7). Let u be y*(0 + (-2)/(-4)). What is the remainder when 15 is divided by (-25)/u + (-1)/3?
7
Let y(p) = -p**2 + 11*p - 16. Calculate the remainder when 24 is divided by y(8).
0
Suppose 5*a - 16 = 4. Suppose 4*y - a*t = 18 + 50, 22 = y - 2*t. Calculate the remainder when 45 is divided by y.
9
Suppose 1 = 2*p - 5. Calculate the remainder when 11 is divided by p.
2
Let v(b) be the second derivative of -b**3/6 - 3*b. Calculate the remainder when 16 is divided by v(-9).
7
Let w(j) = j**3 + 12*j**2 + 6*j - 15. Calculate the remainder when 77 is divided by w(-11).
37
Suppose 2*c - 6 = 0, c - 3*c + 76 = 5*a. Let v be (-15)/(-10)*a/3. Let w = v + 0. Calculate the remainder when w is divided by 3.
1
What is the remainder when (-308 - 3/3)*(-2)/6 is divided by 13?
12
Let j = -33 + 45. Calculate the remainder when j is divided by 5.
2
Let a be 2/(-8) + 255/12. Suppose -5*j + a = -3*j - x, x = 5*j - 51. Suppose g = 4*r + 26, -45 = -5*g + 3*r - 0*r. What is the remainder when j is divided by g?
4
Let o = -1 + 39. Suppose 1 = 3*k - 5. What is the remainder when 52 is divided by o/k + -2 + 1?
16
Suppose 15 = 2*z - 3*g, -5*g + 3*g = 6. Calculate the remainder when 41 is divided by z/(-2)*(-88)/12.
8
Suppose -1 = o - 3. Let q = 1 - o. Calculate the remainder when 7 is divided by q/(0 - (-1)/(-3)).
1
Suppose -5*a + 66 - 11 = 0. Calculate the remainder when 17 is divided by a.
6
Let f = 15 + 8. Calculate the remainder when 43 is divided by f.
20
Let i = -7 - -10. Suppose 4*g + 3 = x - g, 2*x - 2*g = 6. What is the remainder when i is divided by x?
0
What is the r